r(o) = 4*o + 3. Suppose 14 = -v - v - 4*f, f = 3*v + 21. Let k be r(v). Let q = 34 + k. Calculate the remainder when 26 is divided by q.
8
Suppose 9*j = -6*j + 570. Calculate the remainder when 104 is divided by j.
28
Suppose -y = -4*l + 3*y + 28, 15 = 3*l + 3*y. What is the remainder when 410/l + (-6 - (-34)/6) is divided by 25?
18
Let d(h) = 2*h. Suppose 576 + 105 = 20*x - 99. Calculate the remainder when x is divided by d(5).
9
Suppose -992 + 394 = -13*d. Suppose 2*t + 5*m - 203 = 0, -2*t - 2*m = -3*t + 79. What is the remainder when t is divided by d?
43
Let p be (-99)/36 + 3/4. Let j be 14 + -9 + (p - 0). Suppose -j*r = -223 - 92. Calculate the remainder when r is divided by 27.
24
Suppose c - 28 = -14. What is the remainder when 1*19 + 1 - -1 is divided by (-6)/c - (-295)/35?
5
Suppose -5*u - 7 = -27. Suppose 4*v = -8, -4*k = -u*v + 2*v - 60. Calculate the remainder when 110 is divided by k.
12
Suppose -579*j + 572*j + 63 = 0. Calculate the remainder when 35 is divided by j.
8
Let d = -432 - -669. What is the remainder when d is divided by 48?
45
Suppose 0 = -5*o + g - 516, -3*o - 4*g - 370 = -65. Let h = o - -181. Calculate the remainder when h is divided by 20.
18
Let r(b) = -2*b. Let c(o) = o + 1. Let y(s) = -3*c(s) - 2*r(s). Let w be y(5). Let d = w - -9. What is the remainder when 32 is divided by d?
10
Suppose 5*n - 11 - 14 = 0. Suppose -n*q - 270 = -15*q. What is the remainder when q is divided by 6?
3
What is the remainder when 0 + -1 + 545*(-8)/(-20) is divided by 17?
13
Let k(b) = -21*b**2. Let t be k(1). Let n = t - -34. Calculate the remainder when 88 is divided by n.
10
Suppose 0*f - 3 = -f. Let s = 28 + -1. Calculate the remainder when s is divided by -2 - -10 - -2 - f.
6
Suppose 12*c = 7*c + 70. What is the remainder when 137 is divided by c?
11
What is the remainder when 16 is divided by 36/(-10)*(-9)/((-18)/(-5))?
7
Suppose -2*v + v = 11. Let g = 20 + v. Let j(t) = -t**3 - 4*t**2 + 12*t + 15. What is the remainder when j(-6) is divided by g?
6
Let l(v) = -19*v + 46. What is the remainder when l(0) is divided by 20?
6
Suppose -73*f + 4256 = -17*f. Calculate the remainder when f is divided by 13.
11
Let d = -74 - -53. Let v(m) = -m**2 - 23*m - 27. What is the remainder when v(d) is divided by 5?
0
Suppose -4*a = -2*a, 4*a = -5*r + 1110. What is the remainder when r is divided by 25?
22
Suppose -4*n + 87 = -n + 4*a, -34 = -n - 3*a. Let h(o) = 2*o**2 - 44*o - 193. Calculate the remainder when n is divided by h(-4).
10
Let n = 22 + 13. Let s = -30 + n. What is the remainder when 21 is divided by s?
1
Suppose -93*f + 95*f + 20 = 2*a, -5*f - 10 = -a. Let d = 18 + 1. What is the remainder when d is divided by a?
9
Let q(c) = -c**3 - 3*c**2 + 6*c - 2. Suppose 0 = -4*d - 2 + 14. Let l be q(d). Let v = l + 87. What is the remainder when v is divided by 26?
23
Suppose 3*f + 2*i = f + 8, -3*f = -5*i - 12. Suppose -f - 28 = -4*m. Calculate the remainder when (-136)/(-10) + (-33)/55 is divided by m.
5
Let l(j) = 12*j**2. Let h = 1123 - 1119. What is the remainder when l(-1) is divided by h?
0
Let l(y) = -y**3 + 9*y**2 + y - 11. Let c be l(9). Let f(m) = 13*m**2 + 2*m - 1. Calculate the remainder when f(c) is divided by 16.
15
Let f = -39 - -59. Let a(i) = i**3 - 3*i**2 - 4*i - 7. Let s be a(5). Suppose f*w + 18 = s*w. Calculate the remainder when w is divided by 3.
0
Suppose 69*h = -h + 5460. What is the remainder when 250 is divided by h?
16
Suppose 10*f - 8*f = 0. Suppose f = -3*g + 8*g - 95. What is the remainder when 35 is divided by g?
16
Suppose 5*f = -0*f + l + 1123, -8 = -4*l. Let k = -147 + f. Calculate the remainder when k is divided by 16.
14
Suppose 4*d = 6*d. Suppose d = -2*k - 5*o + 47, -2 = -k + 5*o - 1. Let y = -147 + 194. Calculate the remainder when y is divided by k.
15
Let z(k) = k**3 - 8*k**2 - 3*k + 39. Let x = -38 + 94. Calculate the remainder when x is divided by z(8).
11
Suppose 0 = 16*o - 47 - 145. Calculate the remainder when 127 is divided by o.
7
Suppose 3*x = 2*x + 2. Let p(f) = f**2 + f. Let n be p(2). Let u = n - x. Calculate the remainder when u is divided by 1.
0
Suppose 0 = -k - 4*k + 165. Let a(b) = b + 5. Calculate the remainder when k is divided by a(5).
3
Let y(s) = 43*s - 4. Suppose -5*l = 4*l - 288. What is the remainder when y(3) is divided by l?
29
Suppose -2*p = 4*i - 54, -5*i + 0*p + 35 = -4*p. Suppose -5 = -4*m + 7. Suppose m*f - 21 = 75. What is the remainder when f is divided by i?
10
Let j be 3/(-7) + (-168)/(-49). Suppose -2*t - 2*f + 14 = 0, -j*t + 4*f + 23 = -26. Calculate the remainder when 43 is divided by t.
10
Suppose 0 = z - 2*i + 3*i - 10, -4*i = -2*z + 8. Suppose -4*v = -3*p - 61, 13 = 5*v - 3*v - 5*p. Calculate the remainder when v is divided by z.
3
Suppose 5 + 7 = 6*r. Suppose 0 = -r*b + 22 + 76. Calculate the remainder when b is divided by 3.
1
Suppose 0 = -4*u + 976 - 176. Suppose 0 = -14*h + 6*h + u. Calculate the remainder when h is divided by 6.
1
Suppose -t + 3*l + 21 = -0, 0 = 3*l + 12. What is the remainder when 11/((-18)/(-14) - (-4)/(-14)) is divided by (12/t - 1)*18?
5
What is the remainder when 76 is divided by -2 + 1 - 340/(-17)?
0
Let z(v) = -25*v - 8. Calculate the remainder when z(-4) is divided by 33 + (-6 - 0) + 4.
30
What is the remainder when 137 is divided by 15/2*((-184)/(-12) - 6)?
67
Let s(u) = -u**2 - 17*u + 2. What is the remainder when s(-11) is divided by -6*4/(-6) + 47 + -26?
18
Let x(j) be the third derivative of -3*j**4/8 - 5*j**3/2 + 13*j**2 + 3. What is the remainder when x(-6) is divided by 15?
9
Suppose 5*m - 7 + 27 = -5*j, 4*m + 11 = j. Calculate the remainder when 112/(-12)*(j + -2) is divided by 5.
3
Let w = -1677 + 1928. What is the remainder when w is divided by 7?
6
Suppose q = 4*b - 3446, -5*b - 5*q + 2580 + 1740 = 0. Calculate the remainder when b is divided by 96.
94
Let u(m) = -3*m + 69. Suppose 4*o - 56 = 24. Let z = 41 - o. What is the remainder when z is divided by u(19)?
9
Suppose -3*y = z - 26, -8 = -2*z - 3*y + 38. Let m(o) = 2*o + 23. Calculate the remainder when m(7) is divided by z.
17
Let i = 87 - 38. Suppose 0 = -2*a - 5*m + 37, 3*a - 3*m - 90 = m. What is the remainder when i is divided by a?
23
Let n = 264 + -158. Calculate the remainder when n is divided by 14.
8
Let b be (-1)/((2 + 0)/(-4)). Suppose -3 = -n - v + b, 4*n - 3*v - 6 = 0. What is the remainder when 10 is divided by n?
1
Calculate the remainder when 260 is divided by (6/15)/(-2 + 1206/600).
20
Let k(c) = 6*c**2 + 6*c - 11. Let y(z) = -z**2 + 5*z - 2. Let r be y(3). Suppose 3*d - r*d = -22. Calculate the remainder when k(4) is divided by d.
21
What is the remainder when 476 is divided by (-4)/(-14) - 15364/(-322)?
44
Suppose 13 = 6*n - 5*n - 2*a, -5*n = -2*a - 89. What is the remainder when 56 is divided by n?
18
Let b(w) = -11*w - 17. Suppose -4*j + 5*a - a - 24 = 0, 5*j + 3*a + 22 = 0. What is the remainder when b(j) is divided by 10?
8
Let i(j) = -j**3 - 19*j**2 + 17*j - 88. Let w be i(-20). Let n = -18 - 1. Let z = n - w. Calculate the remainder when 33 is divided by z.
6
Calculate the remainder when 137 is divided by (-594)/(-12)*-5*20/(-75).
5
Let n be (-9)/((-54)/8) - (-42)/9. Suppose t - n = -2*t. What is the remainder when 10 is divided by t?
0
Suppose -2*a = -12*a + 50. Suppose -2*k - 2*h = -266, 0*k = 4*k + a*h - 529. Calculate the remainder when k is divided by 46.
44
Suppose -10*t + 12*t = 4. Let y(u) = -7*u - 3. Calculate the remainder when t*159/(-9)*(-3)/2 is divided by y(-3).
17
Let n(q) = q**2 - q + 3. What is the remainder when -2 + 346/10 + 14/35 is divided by n(3)?
6
Suppose 2 = 5*o - 3. Let b(s) = 2*s - 2. Let r be b(o). Suppose -p + r + 6 = 0. What is the remainder when 21 is divided by p?
3
Let a = -15 + 15. Suppose -2*c = -3*s - 13, -3*c + a*s + s + 23 = 0. Suppose -3*b + 7 = -8, 0 = -d + 4*b - c. Calculate the remainder when 35 is divided by d.
11
Let v be 130/14 + 4/(-14). Suppose 2*t + 18 = 4*t + 2*n, 4*t - 5*n + v = 0. Suppose -t*q = 52 - 284. What is the remainder when q is divided by 15?
13
Let i(l) = l**2 + 6*l - 10. Let o = -20 - -23. Suppose -5*v - o*n + 28 = 0, -24 = -v - 0*n + 4*n. Calculate the remainder when i(v) is divided by 26.
24
Let o(u) = -u + 1. Let i be o(-7). Calculate the remainder when (15/9)/(5/(25 + 